099068.
2, 73, 7353079
What are the prime factors of 79029265?
5, 7, 19, 23, 5167
List the prime factors of 134606563.
7, 13, 1479193
What are the prime factors of 38468113?
38468113
List the prime factors of 91008960.
2, 3, 5, 7, 29, 467
What are the prime factors of 56188422?
2, 3, 37, 239, 353
What are the prime factors of 131603706?
2, 3, 13, 562409
List the prime factors of 1676798354.
2, 7, 11, 10888301
List the prime factors of 242931488.
2, 7591609
List the prime factors of 53451958.
2, 7, 1013, 3769
What are the prime factors of 971911325?
5, 7, 11, 79, 83
What are the prime factors of 44490001?
19, 251, 491
What are the prime factors of 50267191?
13, 297439
List the prime factors of 143240658.
2, 3, 11, 19, 103, 1109
List the prime factors of 103588340.
2, 5, 211, 24547
List the prime factors of 2746529235.
3, 5, 2083, 9767
What are the prime factors of 8295796224?
2, 3, 600101
List the prime factors of 634758226.
2, 59, 773, 6959
What are the prime factors of 49130243?
1031, 47653
List the prime factors of 385536293.
2141, 180073
What are the prime factors of 328822590?
2, 3, 5, 29, 13033
What are the prime factors of 4589995784?
2, 11, 17, 43, 71353
What are the prime factors of 94723541?
11, 17, 29, 17467
What are the prime factors of 193965696?
2, 3, 137, 1229
What are the prime factors of 59411328?
2, 3, 17, 19, 479
List the prime factors of 53612494.
2, 13, 23, 89653
List the prime factors of 402756251.
402756251
What are the prime factors of 271327222?
2, 223, 608357
List the prime factors of 361550151.
3, 1867, 21517
List the prime factors of 1940904716.
2, 485226179
What are the prime factors of 155754911?
13, 29, 413143
What are the prime factors of 1376106682?
2, 331, 2078711
List the prime factors of 37709941.
37709941
What are the prime factors of 39104407?
53, 737819
List the prime factors of 1494122708.
2, 13, 1789, 16061
List the prime factors of 1455334510.
2, 5, 7, 397, 52369
What are the prime factors of 59892345?
3, 5, 23, 19289
What are the prime factors of 383452781?
383452781
What are the prime factors of 23922687?
3, 7974229
What are the prime factors of 627374730?
2, 3, 5, 43, 59, 8243
List the prime factors of 934779673.
31, 73, 413071
List the prime factors of 54508379.
2437, 22367
List the prime factors of 1230545213.
967, 1272539
List the prime factors of 866077755.
3, 5, 57738517
What are the prime factors of 3835374356?
2, 11, 41, 2126039
What are the prime factors of 553518710?
2, 5, 2129, 25999
List the prime factors of 484458624.
2, 3, 13, 41, 263
List the prime factors of 110038291.
11, 19, 526499
What are the prime factors of 131923597?
13, 780613
What are the prime factors of 953998095?
3, 5, 17, 3741169
List the prime factors of 63705041.
97, 656753
List the prime factors of 217682697.
3, 89, 815291
What are the prime factors of 113343849?
3, 12593761
What are the prime factors of 45454668?
2, 3, 7, 17, 139, 229
List the prime factors of 1078297.
11, 61, 1607
What are the prime factors of 262081298?
2, 83, 1578803
What are the prime factors of 44105104?
2, 2756569
List the prime factors of 531753869.
317, 1677457
What are the prime factors of 2063117935?
5, 67, 137, 44953
What are the prime factors of 49356381?
3, 61, 173, 1559
What are the prime factors of 555968592?
2, 3, 3860893
What are the prime factors of 33452487?
3, 53, 97, 241
What are the prime factors of 621120069?
3, 7668149
List the prime factors of 150201398.
2, 61, 103, 11953
What are the prime factors of 944858872?
2, 10567, 11177
List the prime factors of 31613347.
67, 471841
What are the prime factors of 578686104?
2, 3, 8037307
What are the prime factors of 4513340127?
3, 31, 48530539
List the prime factors of 256283013.
3, 7, 197, 61949
What are the prime factors of 163624502?
2, 131, 624521
What are the prime factors of 56234898?
2, 3, 347129
What are the prime factors of 48990116?
2, 7, 1749647
List the prime factors of 3664777410.
2, 3, 5, 7, 5817107
What are the prime factors of 1257763650?
2, 3, 5, 11, 13, 191, 307
What are the prime factors of 54239015?
5, 19, 570937
List the prime factors of 345769411.
13, 61, 436027
What are the prime factors of 685867246?
2, 6007, 57089
List the prime factors of 376296223.
376296223
What are the prime factors of 4772428744?
2, 596553593
What are the prime factors of 445462207?
445462207
What are the prime factors of 11175065?
5, 11, 203183
List the prime factors of 88643585.
5, 83, 213599
List the prime factors of 184020887.
359, 512593
List the prime factors of 27842340.
2, 3, 5, 31, 14969
List the prime factors of 56762410.
2, 5, 151, 37591
What are the prime factors of 553853385?
3, 5, 12307853
List the prime factors of 111360861.
3, 37, 137, 2441
What are the prime factors of 375574722?
2, 3, 2027, 30881
List the prime factors of 166292788.
2, 19, 79, 27697
What are the prime factors of 1448828999?
11261, 128659
List the prime factors of 3179658.
2, 3, 23, 23041
What are the prime factors of 362536998?
2, 3, 131, 379, 1217
List the prime factors of 3095297273.
15101, 204973
List the prime factors of 166450327.
166450327
List the prime factors of 1219492041.
3, 5827, 69761
List the prime factors of 1908983224.
2, 31, 101, 76213
List the prime factors of 42016896.
2, 3, 36473
What are the prime factors of 1233570204?
2, 3, 34265839
What are the prime factors of 4313677483?
19, 43, 5279899
What are the prime factors of 7595881?
7595881
List the prime factors of 762317734.
2, 19, 37, 542189
List the prime factors of 1428287799.
3, 389, 1223897
What are the prime factors of 88951591?
41, 1381, 1571
What are the prime factors of 113365261?
113365261
List the prime factors of 893936851.
47, 3313, 5741
What are the prime factors of 162225288?
2, 3, 17, 44179
List the prime factors of 1715340493.
41, 41837573
List the prime factors of 79180509.
3, 17, 271, 337
List the prime factors of 41306545.
5, 7, 463, 2549
List the prime factors of 43555517.
43, 1012919
What are the prime factors of 69442179?
3, 23147393
List the prime factors of 935758143.
3, 3929, 8821
List the prime factors of 66745983.
3, 22248661
List the prime factors of 1494995901.
3, 7, 71190281
What are the prime factors of 278082551?
278082551
What are the prime factors of 17779484?
2, 17, 261463
What are the prime factors of 3245876862?
2, 3, 113, 173, 27673
What are the prime factors of 2341353?
3, 7, 111493
List the prime factors of 365953200.
2, 3, 5, 304961
List the prime factors of 351218422.
2, 67, 2621033
List the prime factors of 135179180.
2, 5, 6758959
What are the prime factors of 5268455817?
3, 1756151939
What are the prime factors of 91168442?
2, 2131, 21391
What are the prime factors of 679327888?
2, 17, 59, 42331
What are the prime factors of 270317415?
3, 5, 1367, 13183
What are the prime factors of 119064816?
2, 3, 13, 37, 191
List the prime factors of 70883322.
2, 3, 11813887
What are the prime factors of 14977776?
2, 3, 11, 19, 1493
What are the prime factors of 23507611?
23507611
List the prime factors of 18823270.
2, 5, 1882327
List the prime factors of 829719868.
2, 2543, 81569
What are the prime factors of 54832871?
17, 83, 38861
List the prime factors of 17212489.
7, 2458927
What are the prime factors of 2181481692?
2, 3, 13, 131, 106747
What are the prime factors of 74166623?
101, 337, 2179
List the prime factors of 73814790.
2, 3, 5, 7, 313, 1123
What are the prime factors of 25809610?
2, 5, 239, 10799
What are the prime factors of 635526188?
2, 11, 14443777
List the prime factors of 530649510.
2, 3, 5, 17688317
List the prime factors of 1510819887.
3, 22031, 22859
List the prime factors of 397907940.
2, 3, 5, 31, 213929
What are the prime factors of 301763078?
2, 43, 317, 11069
List the prime factors of 83355998.
2, 11, 17, 222877
What are the prime factors of 452626315?
5, 23, 109, 36109
What are the prime factors of 381064411?
7, 13, 193, 1669
What are the prime factors of 2549446091?
2549446091
List the prime factors of 290800595.
5, 1091, 53309
What are the prime factors of 356868317?
13, 19, 1444811
What are the prime factors of 16280694?
2, 3, 904483
What are the prime factors of 17230220?
2, 5, 7, 23, 5351
List the prime factors of 94346564.
2, 13, 1814357
List the prime factors of 927